ase 15) to base 5
10
What is -19 (base 15) in base 9?
-26
-14 (base 8) to base 7
-15
e (base 16) to base 15
e
What is -50 (base 12) in base 13?
-48
What is 2 (base 3) in base 16?
2
What is 4 (base 9) in base 16?
4
-1220 (base 3) to base 16
-33
What is 8 (base 12) in base 3?
22
Convert 2 (base 9) to base 4.
2
What is 15 (base 13) in base 7?
24
Convert 13 (base 13) to base 5.
31
2 (base 3) to base 6
2
What is 2001 (base 4) in base 11?
108
What is -1 (base 8) in base 4?
-1
53 (base 8) to base 12
37
What is 2111 (base 3) in base 2?
1000011
What is a (base 11) in base 10?
10
What is 2131 (base 4) in base 15?
a7
0 (base 8) to base 3
0
-2 (base 4) to base 6
-2
What is 177 (base 15) in base 12?
241
What is 26 (base 9) in base 16?
18
What is -13 (base 9) in base 16?
-c
What is 124 (base 8) in base 14?
60
Convert -1 (base 8) to base 13.
-1
Convert 236 (base 8) to base 4.
2132
10 (base 7) to base 12
7
What is 641 (base 7) in base 12?
22b
-155 (base 8) to base 9
-131
-1 (base 7) to base 13
-1
What is 24 (base 15) in base 16?
22
-123 (base 6) to base 8
-63
What is a (base 13) in base 15?
a
Convert 59 (base 11) to base 2.
1000000
Convert -7 (base 13) to base 8.
-7
What is 2 (base 16) in base 11?
2
What is d (base 16) in base 4?
31
Convert 17 (base 8) to base 7.
21
-11011 (base 2) to base 8
-33
What is -20020 (base 3) in base 7?
-330
What is 1 (base 7) in base 10?
1
Convert -4 (base 6) to base 16.
-4
Convert 14 (base 9) to base 5.
23
-1 (base 14) to base 6
-1
Convert 38 (base 10) to base 16.
26
What is -10 (base 2) in base 7?
-2
6 (base 8) to base 5
11
What is 323 (base 5) in base 4?
1120
Convert 2 (base 13) to base 8.
2
What is -34 (base 5) in base 10?
-19
Convert 42 (base 6) to base 5.
101
Convert -21 (base 8) to base 10.
-17
c3 (base 13) to base 6
423
Convert 15d (base 16) to base 13.
20b
What is 117 (base 8) in base 16?
4f
What is -2 (base 13) in base 5?
-2
Convert -1 (base 16) to base 9.
-1
Convert -1 (base 4) to base 10.
-1
Convert 112 (base 3) to base 5.
24
2 (base 15) to base 7
2
-74 (base 15) to base 6
-301
1 (base 9) to base 2
1
What is 86 (base 15) in base 12?
a6
What is 4 (base 13) in base 12?
4
Convert -c4 (base 13) to base 15.
-aa
Convert -b0 (base 13) to base 11.
-120
What is -82 (base 10) in base 13?
-64
Convert 33 (base 4) to base 7.
21
-3 (base 6) to base 5
-3
Convert -1 (base 4) to base 6.
-1
Convert b0 (base 14) to base 10.
154
Convert 0 (base 11) to base 2.
0
Convert aa (base 12) to base 15.
8a
What is 354 (base 9) in base 14?
16c
0 (base 6) to base 13
0
What is 77 (base 8) in base 7?
120
Convert -61 (base 11) to base 6.
-151
What is 1 (base 5) in base 6?
1
-6 (base 11) to base 15
-6
Convert 1000 (base 3) to base 9.
30
-30 (base 5) to base 13
-12
Convert 2 (base 8) to base 13.
2
What is 10 (base 5) in base 10?
5
Convert 3 (base 10) to base 4.
3
What is 29 (base 15) in base 6?
103
What is a (base 16) in base 15?
a
1001 (base 2) to base 15
9
Convert 202 (base 3) to base 10.
20
What is -6 (base 15) in base 14?
-6
2010 (base 4) to base 7
246
Convert -28 (base 11) to base 5.
-110
Convert -113 (base 9) to base 12.
-79
10 (base 2) to base 15
2
What is -315 (base 8) in base 15?
-da
What is 123 (base 4) in base 10?
27
What is 11 (base 5) in base 6?
10
Convert 2 (base 8) to base 4.
2
What is 5 (base 9) in base 14?
5
444 (base 6) to base 5
1142
Convert 1011 (base 3) to base 12.
27
44 (base 15) to base 16
40
ad (base 14) to base 10
153
What is -204 (base 11) in base 14?
-138
Convert 1 (base 13) to base 6.
1
-1 (base 15) to base 8
-1
What is -197 (base 13) in base 11?
-247
-1 (base 10) to base 8
-1
Convert 89 (base 14) to base 5.
441
63 (base 10) to base 15
43
Convert 69 (base 13) to base 16.
57
Convert 152 (base 6) to base 15.
48
What is -23 (base 4) in base 3?
-102
What is 0 (base 3) in base 4?
0
Convert 1 (base 5) to base 16.
1
What is a (base 13) in base 2?
1010
Convert 51 (base 16) to base 2.
1010001
Convert 62 (base 11) to base 15.
48
105 (base 9) to base 4
1112
Convert -111 (base 2) to base 8.
-7
What is -3b (base 12) in base 7?
-65
Convert -353 (base 7) to base 9.
-225
What is 5b (base 16) in base 2?
1011011
-34 (base 9) to base 7
-43
What is 6c (base 14) in base 12?
80
-20012 (base 3) to base 2
-10100111
Convert -5 (base 13) to base 4.
-11
What is -1 (base 4) in base 9?
-1
What is -34 (base 16) in base 6?
-124
What is 22 (base 3) in base 7?
11
Convert 31 (base 5) to base 11.
15
What is 0 (base 15) in base 8?
0
Convert -1 (base 6) to base 15.
-1
11 (base 4) to base 12
5
What is -5 (base 11) in base 2?
-101
Convert 35 (base 7) to base 6.
42
2 (base 9) to base 13
2
Convert -113 (base 12) to base 7.
-315
Convert -125 (base 8) to base 6.
-221
Convert -105 (base 11) to base 10.
-126
What is -10 (base 2) in base 8?
-2
100 (base 2) to base 13
4
-2 (base 14) to base 12
-2
What is -8 (base 16) in base 4?
-20
What is -18 (base 12) in base 14?
-16
What is 101 (base 3) in base 14?
a
Convert 5 (base 16) to base 15.
5
-6 (base 16) to base 9
-6
2 (base 9) to base 4
2
-122 (base 6) to base 5
-200
-6 (base 8) to base 13
-6
202 (base 12) to base 10
290
-110 (base 4) to base 2
-10100
10 (base 13) to base 14
d
148 (base 9) to base 2
1111101
What is -502 (base 7) in base 16?
-f7
Convert 37 (base 8) to base 10.
31
0 (base 12) to base 14
0
1 (base 2) to base 8
1
What is 77 (base 16) in base 15?
7e
What is 4 (base 9) in base 2?
100
6 (base 15) to base 13
6
Convert 3 (base 13) to base 15.
3
Convert -5 (base 9) to base 8.
-5
-2 (base 10) to base 12
-2
What is -3 (base 4) in base 15?
-3
Convert -77 (base 14) to base 12.
-89
What is -22222 (base 3) in base 11?
-200
What is 10 (base 14) in base 9?
15
What is -5 (base 10) in base 4?
-11
11201 (base 4) to base 6
1345
-3 (base 8) to base 3
-10
Convert 1 (base 5) to base 14.
1
What is 1222 (base 5) in base 16?
bb
0 (base 5) to base 12
0
0 (base 13) to base 4
0
Convert 4a (base 16) to base 14.
54
What is -26 (base 13) in base 7?
-44
0 (base 16) to base 8
0
Convert -3 (base 4) to base 3.
-10
What is -5 (base 8) in base 16?
-5
Convert -38 (base 11) to base 10.
-41
What is -85 (base 9) in base 16?
-4d
-131 (base 4) to base 5
-104
44 (base 6) to base 11
26
What is 2 (base 10) in base 5?
2
Convert -341 (base 5) to base 2.
-1100000
1122 (base 3) to base 12
38
Convert 45 (base 15) to base 3.
2102
Convert 100 (base 3) to base 11.
9
4 (base 6) to base 14
4
Convert 0 (base 15) to base 8.
0
10000 (base 2) to base 5
31
What is -18 (base 16) in base 8?
-30
What is -103 (base 14) in base 5?
-1244
Convert 85 (base 16) to base 15.
8d
Convert -71 (base 8) to base 11.
-52
6a (base 13) to base 10
88
1 (base 5) to base 12
1
Convert -1 (base 9) to base 10.
-1
Convert -10000 (base 2) to base 10.
-16
What is 1 (base 12) in base 2?
1
Convert 1 (base 14) to base 13.
1
Convert -5 (base 6) to base 13.
-5
Convert -15 (base 12) to base 10.
-17
What is 79 (base 11) in base 4?
1112
0 (base 10) to base 14
0
Convert 100 (base 2) to base 14.
4
What is 3 (base 10) in base 4?
3
Convert -292 (base 11) to base 6.
-1331
34 (base 6) to base 14
18
What is 4 (base 7) in base 10?
4
Convert 33 (base 6) to base 5.
41
-44 (base 13) to base 10
-56
Convert 126 (base 8) to base 3.
10012
Convert 0 (base 13) to base 14.
0
Convert -321 (base 8) to base 6.
-545
-2 (base 8) to base 10
-2
What is -1011 (base 4) in base 14?
-4d
What is -2 (base 11) in base 8?
-2
223 (base 5) to base 7
120
-8 (base 12) to base 14
-8
Convert 3 (base 12) to base 7.
3
-a1 (base 13) to base 2
-10000011
0 (base 5) to base 12
0
Convert -119 (base 10) to base 3.
-11102
What is 550 (base 6) in base 9?
253
Convert 6 (base 13) to base 16.
6
-2322 (base 4) to base 16
-ba
-2022 (base 4) to base 2
-10001010
7 (base 9) to base 5
12
27 (base 10) to base 7
36
What is 15 (base 11) in base 4?
100
-64 (base 11) to base 6
-154
3 (base 8) to base 7
3
Convert 1001 (base 3) to base 12.
24
Convert 1 (base 13) to base 3.
1
-10 (base 12) to base 6
-20
What is 4e (base 15) in base 2?
1001010
Convert -1232 (base 4) to base 7.
-215
102 (base 3) to base 12
b
What is -11 (base 2) in base 4?
-3
What is 140 (base 9) in base 14?
85
Convert 1 (base 15) to base 9.
1
-18 (base 10) to base 14
-14
-3 (base 4) to base 2
-11
Convert -1110 (base 3) to base 2.
-100111
33 (base 4) to base 9
16
What is 1 (base 16) in base 15?
1
Convert 1